{"id":27,"date":"2011-07-07T06:53:43","date_gmt":"2011-07-07T06:53:43","guid":{"rendered":"https:\/\/www.sagesontour.ch\/?page_id=27"},"modified":"2022-05-17T09:39:23","modified_gmt":"2022-05-17T09:39:23","slug":"ruegen-2011","status":"publish","type":"page","link":"https:\/\/www.sagesontour.ch\/?page_id=27","title":{"rendered":"R\u00fcgen 2011"},"content":{"rendered":"<h3 style=\"text-align: center;\">Ferien auf der Insel R\u00fcgen 2011<\/h3>\n<p>Im Juli 2011 verbrachten wir einige Tage auf der Insel R\u00fcgen. Leider war gr\u00f6sstenteils kein Badewetter. Dies st\u00f6rte aber nicht, denn es gibt auf R\u00fcgen sehr viel zu entdecken.<\/p>\n\n<div class=\"advgb-recent-posts-block grid-view columns-2 recent-posts-3e854d2d-35a5-4393-8735-0d042a99c6fa\"><div class=\"advgb-recent-posts\"><article class=\"advgb-recent-post\"><div class=\"advgb-post-thumbnail\"><a href=\"https:\/\/www.sagesontour.ch\/?p=1286\"><img fetchpriority=\"high\" decoding=\"async\" width=\"600\" height=\"338\" src=\"https:\/\/www.sagesontour.ch\/wp-content\/uploads\/2011\/07\/tn_Sonntag_1-1.jpg\" class=\"attachment-large size-large\" alt=\"\" srcset=\"https:\/\/www.sagesontour.ch\/wp-content\/uploads\/2011\/07\/tn_Sonntag_1-1.jpg 600w, https:\/\/www.sagesontour.ch\/wp-content\/uploads\/2011\/07\/tn_Sonntag_1-1-300x169.jpg 300w, https:\/\/www.sagesontour.ch\/wp-content\/uploads\/2011\/07\/tn_Sonntag_1-1-480x270.jpg 480w\" sizes=\"(max-width: 600px) 100vw, 600px\" \/><\/a><\/div><div class=\"advgb-post-wrapper\"><h2 class=\"advgb-post-title\"><a href=\"https:\/\/www.sagesontour.ch\/?p=1286\">Samstag, 9. Juli 2011<\/a><\/h2><div class=\"advgb-post-content\"><div class=\"advgb-post-excerpt\">Ankunft in Berlin Juhui, Ferien! Wir sitzen noch gem\u00fctlich am Fr\u00fchst\u00fcckstisch, aber schon bald geht&#8217;s los. Aber erst m\u00fcssen wir uns von unseren Katzen<\/div><div class=\"advgb-post-readmore\"><a href=\"https:\/\/www.sagesontour.ch\/?p=1286\">Weiterlesen<\/a><\/div><\/div><\/div><\/article><article class=\"advgb-recent-post\"><div class=\"advgb-post-thumbnail\"><a href=\"https:\/\/www.sagesontour.ch\/?p=1347\"><img decoding=\"async\" width=\"510\" height=\"340\" src=\"https:\/\/www.sagesontour.ch\/wp-content\/uploads\/2022\/04\/tn_Montag_13.jpg\" class=\"attachment-large size-large\" alt=\"\" srcset=\"https:\/\/www.sagesontour.ch\/wp-content\/uploads\/2022\/04\/tn_Montag_13.jpg 510w, https:\/\/www.sagesontour.ch\/wp-content\/uploads\/2022\/04\/tn_Montag_13-300x200.jpg 300w\" sizes=\"(max-width: 510px) 100vw, 510px\" \/><\/a><\/div><div class=\"advgb-post-wrapper\"><h2 class=\"advgb-post-title\"><a href=\"https:\/\/www.sagesontour.ch\/?p=1347\">Sonntag, 10. Juli und Montag, 11. Juli 2011<\/a><\/h2><div class=\"advgb-post-content\"><div class=\"advgb-post-excerpt\">An der Ostsee. Nachdem wir am Samstag sehr gut und schnell in Berlin angekommen waren, liessen wir den Abend gem\u00fctlich auf dem Balkon von Steffi auskl<\/div><div class=\"advgb-post-readmore\"><a href=\"https:\/\/www.sagesontour.ch\/?p=1347\">Weiterlesen<\/a><\/div><\/div><\/div><\/article><article class=\"advgb-recent-post\"><div class=\"advgb-post-thumbnail\"><a href=\"https:\/\/www.sagesontour.ch\/?p=1351\"><img decoding=\"async\" width=\"453\" height=\"340\" src=\"https:\/\/www.sagesontour.ch\/wp-content\/uploads\/2011\/07\/tn_Dienstag_6.jpg\" class=\"attachment-large size-large\" alt=\"\" srcset=\"https:\/\/www.sagesontour.ch\/wp-content\/uploads\/2011\/07\/tn_Dienstag_6.jpg 453w, https:\/\/www.sagesontour.ch\/wp-content\/uploads\/2011\/07\/tn_Dienstag_6-300x225.jpg 300w\" sizes=\"(max-width: 453px) 100vw, 453px\" \/><\/a><\/div><div class=\"advgb-post-wrapper\"><h2 class=\"advgb-post-title\"><a href=\"https:\/\/www.sagesontour.ch\/?p=1351\">Dienstag, 12. Juli 2011<\/a><\/h2><div class=\"advgb-post-content\"><div class=\"advgb-post-excerpt\">Seepromenade Am heutigen Dienstag ist das Wetter noch einmal super. Also entscheiden wir uns wieder f\u00fcr eine Strandpartie. Diesmal fahren wir ins Osts<\/div><div class=\"advgb-post-readmore\"><a href=\"https:\/\/www.sagesontour.ch\/?p=1351\">Weiterlesen<\/a><\/div><\/div><\/div><\/article><article class=\"advgb-recent-post\"><div class=\"advgb-post-thumbnail\"><a href=\"https:\/\/www.sagesontour.ch\/?p=1363\"><img loading=\"lazy\" decoding=\"async\" width=\"510\" height=\"340\" src=\"https:\/\/www.sagesontour.ch\/wp-content\/uploads\/2022\/04\/tn_Mittwoch_4.jpg\" class=\"attachment-large size-large\" alt=\"\" srcset=\"https:\/\/www.sagesontour.ch\/wp-content\/uploads\/2022\/04\/tn_Mittwoch_4.jpg 510w, https:\/\/www.sagesontour.ch\/wp-content\/uploads\/2022\/04\/tn_Mittwoch_4-300x200.jpg 300w\" sizes=\"(max-width: 510px) 100vw, 510px\" \/><\/a><\/div><div class=\"advgb-post-wrapper\"><h2 class=\"advgb-post-title\"><a href=\"https:\/\/www.sagesontour.ch\/?p=1363\">Mittwoch, 13. Juli 2011<\/a><\/h2><div class=\"advgb-post-content\"><div class=\"advgb-post-excerpt\">St\u00fcrmische See Am Mittwoch wollen wir eigentlich mit der &#8222;MS Alexander&#8220; zu den Kreidefelsen schippern. Doch leider ist es so windig, dass alle Matrose<\/div><div class=\"advgb-post-readmore\"><a href=\"https:\/\/www.sagesontour.ch\/?p=1363\">Weiterlesen<\/a><\/div><\/div><\/div><\/article><article class=\"advgb-recent-post\"><div class=\"advgb-post-thumbnail\"><a href=\"https:\/\/www.sagesontour.ch\/?p=1371\"><img loading=\"lazy\" decoding=\"async\" width=\"510\" height=\"340\" src=\"https:\/\/www.sagesontour.ch\/wp-content\/uploads\/2022\/04\/tn_Donnerstag_4.jpg\" class=\"attachment-large size-large\" alt=\"\" srcset=\"https:\/\/www.sagesontour.ch\/wp-content\/uploads\/2022\/04\/tn_Donnerstag_4.jpg 510w, https:\/\/www.sagesontour.ch\/wp-content\/uploads\/2022\/04\/tn_Donnerstag_4-300x200.jpg 300w\" sizes=\"(max-width: 510px) 100vw, 510px\" \/><\/a><\/div><div class=\"advgb-post-wrapper\"><h2 class=\"advgb-post-title\"><a href=\"https:\/\/www.sagesontour.ch\/?p=1371\">Donnerstag, 14. Juli 2011<\/a><\/h2><div class=\"advgb-post-content\"><div class=\"advgb-post-excerpt\">Einkaufspassage Binz Typischer B\u00e4derstil Teure Hotels an Super-Lage. Heute regnet es kr\u00e4ftig, deswegen lassen wir uns auch Zeit mit unseren Unternehmu<\/div><div class=\"advgb-post-readmore\"><a href=\"https:\/\/www.sagesontour.ch\/?p=1371\">Weiterlesen<\/a><\/div><\/div><\/div><\/article><article class=\"advgb-recent-post\"><div class=\"advgb-post-thumbnail\"><a href=\"https:\/\/www.sagesontour.ch\/?p=1378\"><img loading=\"lazy\" decoding=\"async\" width=\"510\" height=\"340\" src=\"https:\/\/www.sagesontour.ch\/wp-content\/uploads\/2022\/04\/tn_Freitag_9.jpg\" class=\"attachment-large size-large\" alt=\"\" srcset=\"https:\/\/www.sagesontour.ch\/wp-content\/uploads\/2022\/04\/tn_Freitag_9.jpg 510w, https:\/\/www.sagesontour.ch\/wp-content\/uploads\/2022\/04\/tn_Freitag_9-300x200.jpg 300w\" sizes=\"(max-width: 510px) 100vw, 510px\" \/><\/a><\/div><div class=\"advgb-post-wrapper\"><h2 class=\"advgb-post-title\"><a href=\"https:\/\/www.sagesontour.ch\/?p=1378\">Freitag, 15. Juli 2011<\/a><\/h2><div class=\"advgb-post-content\"><div class=\"advgb-post-excerpt\">Endlich! Heute steht der Wind gut f\u00fcr eine Bootsfahrt zu den Kreidefelsen. Mit der MS Alexander geht es auf die hohe See. Die Fahrt entlang der Kreide<\/div><div class=\"advgb-post-readmore\"><a href=\"https:\/\/www.sagesontour.ch\/?p=1378\">Weiterlesen<\/a><\/div><\/div><\/div><\/article><\/div><\/div>","protected":false},"excerpt":{"rendered":"<p>Ferien auf der Insel R\u00fcgen 2011 Im Juli 2011 verbrachten wir einige Tage auf der Insel R\u00fcgen. Leider war gr\u00f6sstenteils kein Badewetter. Dies st\u00f6rte aber nicht, denn es gibt auf R\u00fcgen sehr viel zu entdecken.<\/p>\n","protected":false},"author":1,"featured_media":0,"parent":0,"menu_order":0,"comment_status":"closed","ping_status":"closed","template":"","meta":{"advgb_blocks_editor_width":"","advgb_blocks_columns_visual_guide":"","ghostkit_customizer_options":"","ghostkit_custom_css":"","ghostkit_custom_js_head":"","ghostkit_custom_js_foot":"","ghostkit_typography":"","footnotes":""},"class_list":["post-27","page","type-page","status-publish","hentry"],"coauthors":[],"author_meta":{"author_link":"https:\/\/www.sagesontour.ch\/?author=1","display_name":"sagesontour.ch"},"relative_dates":{"created":"Posted 15\u00a0Jahren ago","modified":"Updated 4\u00a0Jahren ago"},"absolute_dates":{"created":"Posted on Juli 7, 2011","modified":"Updated on Mai 17, 2022"},"absolute_dates_time":{"created":"Posted on Juli 7, 2011 6:53 a.m.","modified":"Updated on Mai 17, 2022 9:39 a.m."},"featured_img_caption":"","featured_img":false,"series_order":"","acf":[],"_links":{"self":[{"href":"https:\/\/www.sagesontour.ch\/index.php?rest_route=\/wp\/v2\/pages\/27","targetHints":{"allow":["GET"]}}],"collection":[{"href":"https:\/\/www.sagesontour.ch\/index.php?rest_route=\/wp\/v2\/pages"}],"about":[{"href":"https:\/\/www.sagesontour.ch\/index.php?rest_route=\/wp\/v2\/types\/page"}],"author":[{"embeddable":true,"href":"https:\/\/www.sagesontour.ch\/index.php?rest_route=\/wp\/v2\/users\/1"}],"replies":[{"embeddable":true,"href":"https:\/\/www.sagesontour.ch\/index.php?rest_route=%2Fwp%2Fv2%2Fcomments&post=27"}],"version-history":[{"count":7,"href":"https:\/\/www.sagesontour.ch\/index.php?rest_route=\/wp\/v2\/pages\/27\/revisions"}],"predecessor-version":[{"id":2444,"href":"https:\/\/www.sagesontour.ch\/index.php?rest_route=\/wp\/v2\/pages\/27\/revisions\/2444"}],"wp:attachment":[{"href":"https:\/\/www.sagesontour.ch\/index.php?rest_route=%2Fwp%2Fv2%2Fmedia&parent=27"}],"curies":[{"name":"wp","href":"https:\/\/api.w.org\/{rel}","templated":true}]}}